s the units digit of d(g)?
6
Suppose -43*j = -3*c - 38*j + 1212, 0 = 5*c + 4*j - 2020. What is the units digit of c?
4
Let i(r) = -7*r - 11. Suppose 2*v = -y - 2*v, -5*y - 2*v + 72 = 0. Suppose q + 12 = -q + 3*x, x = -q - y. What is the units digit of i(q)?
3
Suppose 0 = -9*j + 80352 - 9522. Suppose 0 = 41*q - 46*q + j. What is the tens digit of q?
7
What is the tens digit of (-108376)/(-69) - (-4)/(-6)?
7
Let t(d) be the third derivative of 11*d**5/60 + d**4/6 - d**3/2 + d**2. Let q be ((-2)/(-2))/(25/(22 - -28)). What is the units digit of t(q)?
9
Suppose -27*p + 389166 + 581222 + 119386 = 0. What is the tens digit of p?
6
Let s be (6 - 168/32)*(-2 + 58). What is the tens digit of 588/(-63)*s/(-8)*2?
9
Suppose t + 4*t + 2*p - 17 = 0, -t + 5*p = 2. Suppose -8*i + 1583 = 2*j - 3*i, 2384 = t*j - 2*i. What is the tens digit of j?
9
Let b(l) = 21*l - 189. Let s be b(9). Let r(d) = 33*d**2 + d + 1186. What is the thousands digit of r(s)?
1
Suppose 0*k + 3*b - 48 = -3*k, -4*b + 47 = 3*k. Suppose 2339 = -k*y + 13797. What is the units digit of y?
4
Let o(j) = 317*j - 1330. What is the thousands digit of o(27)?
7
Let m = -211 - -12. Let i = -122 - m. What is the units digit of i?
7
Let l(g) = -g**2 + 10*g + 2. Let o = 56 + -46. Let f be l(o). Suppose d = -f*d + 3*t + 321, d - 3*t = 115. What is the hundreds digit of d?
1
Let o(a) = -63*a + 5. Let s be o(-13). Suppose 12*d - 4*d = s. What is the units digit of d?
3
Let s(w) = -21*w + 264. Let d be s(20). Let v = 808 - d. What is the units digit of v?
4
Let q(c) = -2*c**2 + 40*c - 248. Let j(w) = -5*w. Let g(y) = -3*j(y) - q(y). What is the tens digit of g(25)?
7
Let f be 2*(-4 + 10)/(-6). What is the units digit of f/(-7) - (-824)/7?
8
Let f = 658 - 294. What is the hundreds digit of (6 - f/21)/((-4)/66)?
1
Let l = 3863 + 1561. Suppose 4*p - l = -12*p. What is the hundreds digit of p?
3
Let i = -2558 - -9348. What is the tens digit of i?
9
Suppose -1238 = 9*x + 562. Let y = x + 249. What is the tens digit of y?
4
Let a = 287 + -279. Suppose -a*v - 4673 = -5*j - 5*v, -3 = 3*v. What is the hundreds digit of j?
9
Suppose u - 12 = 39. Suppose -3*x - x = 5*h + 10, 3*x - 3*h - 6 = 0. Suppose a = -x*a + u. What is the units digit of a?
1
Let y be -1*((-4)/(-3))/(4/(-42)). Suppose -1529 = y*j - 16481. What is the tens digit of j?
6
Suppose -u = -2*u - 86. Let r = 2906 - 2900. What is the units digit of u/1*r/(-4)?
9
What is the units digit of ((-4)/10)/((-2)/(-209830))*(-266)/532?
3
Let z(i) = -2*i**3 - 32*i**2 - 143*i - 198. What is the thousands digit of z(-32)?
7
Suppose 15 = 5*s, -20494 = -2*d + 3*s + 375. What is the units digit of d?
9
Let t(n) = 2*n**2 + 23*n - 5. Let v be t(-23). Let b = 897 - v. What is the tens digit of b?
7
Let d be ((-5)/15 - -1) + (-4)/6. What is the tens digit of (-4)/(-14) - d - 14814/(-42)?
5
Let v(r) = 8*r**3 - 11. Let l be 87/(-58)*(-2)/1. What is the tens digit of v(l)?
0
Let p = 88 - 130. Let w = -43 - p. What is the tens digit of 69 + (w - (-4)/(-4))?
6
Let x be (3 - (4 - 6))*1. Let y(o) = 7*o**2 + 9*o - 9. What is the hundreds digit of y(x)?
2
Let z be (-126)/(-315) + (-88)/(-5). Suppose -1546 = 16*h - z*h. What is the tens digit of h?
7
Let u = 3667 + -3078. What is the tens digit of u?
8
What is the tens digit of 0 + -2 - ((-18)/36)/((-1)/(-3022))?
0
Suppose -59*u + 12 = -56*u. Let g be (-1*1*-50)/(-2 + u). Let q = g - -62. What is the units digit of q?
7
Suppose -12*z - 378 = -3*z. Let k = 63 + z. Suppose -3*w + 4 = -5*f - k, 5*f - 5 = 0. What is the tens digit of w?
1
Suppose -15 = 28*x - 127. Suppose -x*p + 6082 = 18*q - 15*q, -4*p - 5*q = -6086. What is the hundreds digit of p?
5
Suppose -342 = -5*r + 3. Suppose -3*a = -5*u - 41, 3*a - r = a - 5*u. What is the tens digit of a?
2
Suppose 3*i - 2*c - 595 = 0, -7*c + 12*c = -4*i + 824. Let s = 464 - i. What is the hundreds digit of s?
2
Suppose 0 = j - 5*j + 3*i - 336, 3*j - 3*i + 249 = 0. Let v be (j/12)/((-1)/4). Let g = 173 - v. What is the units digit of g?
4
Suppose 51713 = 17*h - 154. Suppose 3*z + 0*z - r = 2291, 4*z - 5*r = h. What is the units digit of z?
4
Suppose 74*z - 487239 = 515239. What is the units digit of z?
7
Let p(d) = -25*d + 3. Suppose 9*w - 13*w = -4. Let b be p(w). Let z = b + 26. What is the units digit of z?
4
Let r = 32665 + -14795. What is the hundreds digit of r?
8
Let j = 431 - 419. Suppose j*t - 19560 = -28*t. What is the hundreds digit of t?
4
Let n be ((-50)/8)/(3/(-12)). Suppose 3*y + 2*x = 5*y - 4, 7 = 2*y - x. Suppose -2*g = -y - n. What is the units digit of g?
5
Suppose 2996 = -4*a + 4*f, -3745 = 3*a + 2*a + 4*f. What is the units digit of 1/(-3)*-15*a/(-5)?
9
Let x = 20627 - 13971. What is the tens digit of x?
5
Suppose -n - 294 = -4*n - 4*h, -513 = -5*n + h. Let r = 66 - n. Let s = r - -62. What is the units digit of s?
6
Suppose -1890 = -10*y + 4575 + 3355. What is the tens digit of y?
8
Let w(d) = d**3 - 5*d**2 + 2*d - 5. Let m be w(5). Let k be (-37)/((-1)/m + 54/45). Let t = 8 - k. What is the units digit of t?
5
Suppose s + 3*h = h + 1, h + 22 = 4*s. Suppose -1000 = -s*u - 2*j, 5*u - 10*u = -4*j - 970. What is the units digit of u?
8
Let o(n) = 3*n**2 - 18*n + 17. Let i be o(-13). Suppose 0 = 2*m - 60 - i. Suppose -4*s + b = -m, 2*s - 2*b = 6*s - 394. What is the hundreds digit of s?
1
Let a(r) = -5511*r**3 - 4*r**2 - 24*r - 21. What is the hundreds digit of a(-1)?
5
Let g(c) = -c**2 - 5*c + 2. Suppose -6*y + 6 = -6. Let l be g(y). What is the units digit of (l/16)/((-1*4)/400)?
5
Suppose 15 = -34*r + 39*r. Suppose r*v - 4*q + 24 = 4*v, -v = -4*q. Let w(d) = -d**2 + 19*d + 20. What is the units digit of w(v)?
4
Let t(i) = -i**3 - 4*i**2 - 7*i - 6. Let y be t(-3). What is the tens digit of 66/198 + 3304/y?
5
Suppose 0 = -62*t + 88*t - 5564. Let c = t - -36. What is the units digit of c?
0
Suppose -36*i + 41*i = 2*w - 39022, -4*i = -4*w + 78056. What is the units digit of w?
6
Suppose 0 = -4*v + 7*m - 2*m + 1361, 0 = 2*v + 4*m - 700. Let i be 1*5 + (3 - (2 - (535 + -6))). Let o = i - v. What is the tens digit of o?
9
Suppose -3*q + 8862 = -10*g + 13*g, 0 = 4*q - 2*g - 11798. What is the hundreds digit of q?
9
Let p(t) = -t**2 + 7. Let u be p(-5). Let c = 18 + u. Suppose -g - 37 + 244 = c. What is the hundreds digit of g?
2
Let o(p) = -3469*p + 1065. What is the hundreds digit of o(-5)?
4
Let y be (-2)/(-6) - (70/(-15) + 2). Suppose -y*i + 1476 = -1185. What is the units digit of i?
7
Let s(t) = -72*t**2 - 7 - 3*t + 124*t**2 + 20. What is the tens digit of s(3)?
7
Let z = -278 - -3446. What is the thousands digit of z?
3
Let s = 13367 + -6910. What is the units digit of s?
7
Let o = -2 - 4. Let b be -278*1005/810 + 4/(-54). What is the hundreds digit of o/(2/(-11) + b/(-2442))?
1
Let q(z) = -z**3 + 47*z**2 + 63*z + 138. What is the hundreds digit of q(46)?
1
What is the tens digit of (0 - 28) + 15 - -78505?
9
Let b(a) = -17*a - 20. Let w(h) = 5 + 13*h**3 - 2*h**2 - 4*h**3 - 4. Let l be w(-1). What is the tens digit of b(l)?
5
Let a = 5517 + 6234. What is the thousands digit of a?
1
Let k(a) be the second derivative of -a**4/12 + 7*a**3/3 + 15*a**2/2 + 15*a. Let x be k(16). Let w(h) = -2*h + 26. What is the units digit of w(x)?
0
Let j = -102 - -110. Let u be 4 - j/20*5. Suppose u*z + v - 409 = -2*v, -4*v - 605 = -3*z. What is the tens digit of z?
0
Let h = 17 - 11. Suppose 3*q = 4*q - h. Let a(d) = d**3 - 6*d**2 + 8*d - 1. What is the tens digit of a(q)?
4
Suppose 0 = -2*j + 2 - 14, 3*r - 3*j = 17616. What is the hundreds digit of r?
8
Let h(f) = f**2 + 38*f + 3599. What is the hundreds digit of h(147)?
7
Suppose -6 - 42 = -6*j. Let s = j - 10. What is the tens digit of s*(-29)/2 + (-2 - 0)?
2
Suppose 4*x - 5*x + 1 = 4*q, 0 = x - 5*q - 10. Suppose -2*b + 444 = 5*i + 71, 0 = -2*b + x*i + 423. What is the hundreds digit of b?
1
Suppose -13 = 4*t + l + 2, -2*l = -2*t - 10. What is the tens digit of 4*1686/66 + t/22?
0
Let d = -727 - -7356. What is the tens digit of d?
2
Suppose 2 = 2*p - 0*p, 0 = 2*z - p + 3. What is the units digit of (-30701)/(-22) - z/2?
6
Let d(i) = -i**2 - 22*i - 17. Suppose l - 62 = -4*a, 3*a + 146 = 2*l - 0*l. Suppose -3*y - 5*m = 52, -2*m + l = -4*y + 18. What is the units digit of d(y)?
5
Let v(m) = -5*m + 22. Let l(x) = -x + 1. Let u(a) = 3*l(a) -